{"id":1318,"date":"2023-01-20T08:41:44","date_gmt":"2023-01-20T07:41:44","guid":{"rendered":"https:\/\/glimton.se\/?page_id=1318"},"modified":"2023-01-22T01:12:48","modified_gmt":"2023-01-22T00:12:48","slug":"inred_internet","status":"publish","type":"page","link":"https:\/\/glimton.se\/index.php\/inred_internet\/","title":{"rendered":"Inred_internet"},"content":{"rendered":"\t\t<div data-elementor-type=\"wp-page\" data-elementor-id=\"1318\" class=\"elementor elementor-1318\">\n\t\t\t\t\t\t<div class=\"elementor-inner\">\n\t\t\t\t<div class=\"elementor-section-wrap\">\n\t\t\t\t\t\t\t\t\t<section class=\"elementor-section elementor-top-section elementor-element elementor-element-00d45d0 elementor-section-boxed elementor-section-height-default elementor-section-height-default\" data-id=\"00d45d0\" data-element_type=\"section\">\n\t\t\t\t\t\t<div class=\"elementor-container elementor-column-gap-default\">\n\t\t\t\t\t\t\t<div class=\"elementor-row\">\n\t\t\t\t\t<div class=\"elementor-column elementor-col-100 elementor-top-column elementor-element elementor-element-becd557\" data-id=\"becd557\" data-element_type=\"column\">\n\t\t\t<div class=\"elementor-column-wrap elementor-element-populated\">\n\t\t\t\t\t\t\t<div class=\"elementor-widget-wrap\">\n\t\t\t\t\t\t<div class=\"elementor-element elementor-element-6a3ee7a elementor-widget elementor-widget-heading\" data-id=\"6a3ee7a\" data-element_type=\"widget\" data-widget_type=\"heading.default\">\n\t\t\t\t<div class=\"elementor-widget-container\">\n\t\t\t<h2 class=\"elementor-heading-title elementor-size-default\">Inredningshj\u00e4lp enbart via n\u00e4tet<\/h2>\t\t<\/div>\n\t\t\t\t<\/div>\n\t\t\t\t\t\t<\/div>\n\t\t\t\t\t<\/div>\n\t\t<\/div>\n\t\t\t\t\t\t\t\t<\/div>\n\t\t\t\t\t<\/div>\n\t\t<\/section>\n\t\t\t\t<section class=\"elementor-section elementor-top-section elementor-element elementor-element-8b9d320 elementor-section-boxed elementor-section-height-default elementor-section-height-default\" data-id=\"8b9d320\" data-element_type=\"section\" data-settings=\"{&quot;background_background&quot;:&quot;classic&quot;}\">\n\t\t\t\t\t\t<div class=\"elementor-container elementor-column-gap-default\">\n\t\t\t\t\t\t\t<div class=\"elementor-row\">\n\t\t\t\t\t<div class=\"elementor-column elementor-col-100 elementor-top-column elementor-element elementor-element-bdcd09a\" data-id=\"bdcd09a\" data-element_type=\"column\">\n\t\t\t<div class=\"elementor-column-wrap elementor-element-populated\">\n\t\t\t\t\t\t\t<div class=\"elementor-widget-wrap\">\n\t\t\t\t\t\t<section class=\"elementor-section elementor-inner-section elementor-element elementor-element-8e9f357 elementor-section-boxed elementor-section-height-default elementor-section-height-default\" data-id=\"8e9f357\" data-element_type=\"section\">\n\t\t\t\t\t\t<div class=\"elementor-container elementor-column-gap-default\">\n\t\t\t\t\t\t\t<div class=\"elementor-row\">\n\t\t\t\t\t<div class=\"elementor-column elementor-col-100 elementor-inner-column elementor-element elementor-element-cf47b20\" data-id=\"cf47b20\" data-element_type=\"column\">\n\t\t\t<div class=\"elementor-column-wrap elementor-element-populated\">\n\t\t\t\t\t\t\t<div class=\"elementor-widget-wrap\">\n\t\t\t\t\t\t<div class=\"elementor-element elementor-element-253bdf0 elementor-widget elementor-widget-text-editor\" data-id=\"253bdf0\" data-element_type=\"widget\" data-widget_type=\"text-editor.default\">\n\t\t\t\t<div class=\"elementor-widget-container\">\n\t\t\t\t\t\t\t\t<div class=\"elementor-text-editor elementor-clearfix\">\n\t\t\t\t<p>Denna tj\u00e4nst erbjuder full konsultation utan n\u00e5got hembes\u00f6k eller n\u00e5got fysiskt m\u00f6te.<\/p><p>M\u00f6ten och kommunikation g\u00f6rs med telefon, e-post eller skype.<\/p><p>Ritningar och \u00f6vrig dokumentation skannas in och e-postas.<\/p>\t\t\t\t\t<\/div>\n\t\t\t\t\t\t<\/div>\n\t\t\t\t<\/div>\n\t\t\t\t\t\t<\/div>\n\t\t\t\t\t<\/div>\n\t\t<\/div>\n\t\t\t\t\t\t\t\t<\/div>\n\t\t\t\t\t<\/div>\n\t\t<\/section>\n\t\t\t\t\t\t<\/div>\n\t\t\t\t\t<\/div>\n\t\t<\/div>\n\t\t\t\t\t\t\t\t<\/div>\n\t\t\t\t\t<\/div>\n\t\t<\/section>\n\t\t\t\t<section class=\"elementor-section elementor-top-section elementor-element elementor-element-ccc5170 elementor-section-boxed elementor-section-height-default elementor-section-height-default\" data-id=\"ccc5170\" data-element_type=\"section\">\n\t\t\t\t\t\t<div class=\"elementor-container elementor-column-gap-default\">\n\t\t\t\t\t\t\t<div class=\"elementor-row\">\n\t\t\t\t\t<div class=\"elementor-column elementor-col-100 elementor-top-column elementor-element elementor-element-08c5e46\" data-id=\"08c5e46\" data-element_type=\"column\">\n\t\t\t<div class=\"elementor-column-wrap elementor-element-populated\">\n\t\t\t\t\t\t\t<div class=\"elementor-widget-wrap\">\n\t\t\t\t\t\t<div class=\"elementor-element elementor-element-22fa6bc elementor-widget elementor-widget-spacer\" data-id=\"22fa6bc\" data-element_type=\"widget\" data-widget_type=\"spacer.default\">\n\t\t\t\t<div class=\"elementor-widget-container\">\n\t\t\t\t\t<div class=\"elementor-spacer\">\n\t\t\t<div class=\"elementor-spacer-inner\"><\/div>\n\t\t<\/div>\n\t\t\t\t<\/div>\n\t\t\t\t<\/div>\n\t\t\t\t\t\t<\/div>\n\t\t\t\t\t<\/div>\n\t\t<\/div>\n\t\t\t\t\t\t\t\t<\/div>\n\t\t\t\t\t<\/div>\n\t\t<\/section>\n\t\t\t\t<section class=\"elementor-section elementor-top-section elementor-element elementor-element-0c068ff elementor-section-boxed elementor-section-height-default elementor-section-height-default\" data-id=\"0c068ff\" data-element_type=\"section\" data-settings=\"{&quot;background_background&quot;:&quot;classic&quot;}\">\n\t\t\t\t\t\t<div class=\"elementor-container elementor-column-gap-default\">\n\t\t\t\t\t\t\t<div class=\"elementor-row\">\n\t\t\t\t\t<div class=\"elementor-column elementor-col-100 elementor-top-column elementor-element elementor-element-e3c55a9\" data-id=\"e3c55a9\" data-element_type=\"column\">\n\t\t\t<div class=\"elementor-column-wrap elementor-element-populated\">\n\t\t\t\t\t\t\t<div class=\"elementor-widget-wrap\">\n\t\t\t\t\t\t<div class=\"elementor-element elementor-element-e5a6241 elementor-widget elementor-widget-text-editor\" data-id=\"e5a6241\" data-element_type=\"widget\" data-widget_type=\"text-editor.default\">\n\t\t\t\t<div class=\"elementor-widget-container\">\n\t\t\t\t\t\t\t\t<div class=\"elementor-text-editor elementor-clearfix\">\n\t\t\t\t<p><span style=\"color: var( --e-global-color-text );\">Denna tj\u00e4nst erbjuder full konsultation utan n\u00e5got hembes\u00f6k eller n\u00e5got fysiskt m\u00f6te.<\/span><\/p><p>S\u00e5 h\u00e4r g\u00e5r denna tj\u00e4nsten till:<\/p><ul><li>Skriv in m\u00e5tt p\u00e5 rummet, eller bostaden<\/li><li>Beskriv vad det \u00e4r f\u00f6r rum<\/li><li>Vilken stil f\u00f6redrar ni<\/li><li>Vilka f\u00e4rger f\u00f6redrar ni<\/li><li>Hur ser era behov ut<\/li><li>Vad har funkat bra samt mindre bra med rummet<\/li><li>Vad \u00e4r er \u00f6nskan att f\u00e5 hj\u00e4lp med?<\/li><\/ul><p>G\u00f6r er best\u00e4llning.<\/p><p>Bra att inkludera i best\u00e4llningen:<\/p><ul><li>Vilket \u00e5r bostaden byggdes<\/li><li>Vad \u00e4r det f\u00f6r bostadstyp<\/li><li>\u00d6nskem\u00e5l om \u00f6nskade \u00e5tg\u00e4rder<\/li><li>Bifoga g\u00e4rna n\u00e5gra bilder \u00f6ver inredningar som ni gillar<\/li><\/ul><p>V\u00e5r inredare g\u00f6r ett f\u00f6rslag med tv\u00e5 moodboards som vi s\u00e4nder till er via mail.<\/p><p>V\u00e4lj vilken moodboard ni f\u00f6redrar.<\/p><p>V\u00e5r inredare \u00e5terkommer med:<\/p><ul><li>Planl\u00f6sning med inritade m\u00f6bler<\/li><li>Val av golv<\/li><li>F\u00e4rg eller tapetval<\/li><li>Belysningsplan<\/li><li>Ink\u00f6pslista p\u00e5 m\u00f6bler, textilier, lampor och accessoarer<\/li><\/ul><p>Vi kommer att skapa en l\u00f6sning som kommer att \u00f6vertr\u00e4ffa era f\u00f6rv\u00e4ntningar sj\u00e4lvklart baserat p\u00e5 er budget s\u00e5 att ni f\u00e5r ert dr\u00f6mhem.<\/p><p>Varmt v\u00e4lkommen att kontakta <a href=\"mailto:angelica@glimton.se\">Angelica<\/a> p\u00e5 Glimton som \u00e4r certifierad inredare och diplomerad homestylist.<\/p>\t\t\t\t\t<\/div>\n\t\t\t\t\t\t<\/div>\n\t\t\t\t<\/div>\n\t\t\t\t\t\t<\/div>\n\t\t\t\t\t<\/div>\n\t\t<\/div>\n\t\t\t\t\t\t\t\t<\/div>\n\t\t\t\t\t<\/div>\n\t\t<\/section>\n\t\t\t\t<section class=\"elementor-section elementor-top-section elementor-element elementor-element-e543d98 elementor-section-boxed elementor-section-height-default elementor-section-height-default\" data-id=\"e543d98\" data-element_type=\"section\">\n\t\t\t\t\t\t<div class=\"elementor-container elementor-column-gap-default\">\n\t\t\t\t\t\t\t<div class=\"elementor-row\">\n\t\t\t\t\t<div class=\"elementor-column elementor-col-100 elementor-top-column elementor-element elementor-element-7a2c9ec\" data-id=\"7a2c9ec\" data-element_type=\"column\">\n\t\t\t<div class=\"elementor-column-wrap elementor-element-populated\">\n\t\t\t\t\t\t\t<div class=\"elementor-widget-wrap\">\n\t\t\t\t\t\t<div class=\"elementor-element elementor-element-4ba4e3a elementor-widget elementor-widget-spacer\" data-id=\"4ba4e3a\" data-element_type=\"widget\" data-widget_type=\"spacer.default\">\n\t\t\t\t<div class=\"elementor-widget-container\">\n\t\t\t\t\t<div class=\"elementor-spacer\">\n\t\t\t<div class=\"elementor-spacer-inner\"><\/div>\n\t\t<\/div>\n\t\t\t\t<\/div>\n\t\t\t\t<\/div>\n\t\t\t\t\t\t<\/div>\n\t\t\t\t\t<\/div>\n\t\t<\/div>\n\t\t\t\t\t\t\t\t<\/div>\n\t\t\t\t\t<\/div>\n\t\t<\/section>\n\t\t\t\t\t\t\t\t\t<\/div>\n\t\t\t<\/div>\n\t\t\t\t\t<\/div>\n\t\t","protected":false},"excerpt":{"rendered":"<p>Inredningshj\u00e4lp enbart via n\u00e4tet Denna tj\u00e4nst erbjuder full konsultation utan n\u00e5got hembes\u00f6k eller n\u00e5got fysiskt m\u00f6te. M\u00f6ten och kommunikation g\u00f6rs med telefon, e-post eller skype. Ritningar och \u00f6vrig dokumentation skannas in och e-postas. Denna tj\u00e4nst erbjuder full konsultation utan n\u00e5got hembes\u00f6k eller n\u00e5got fysiskt m\u00f6te. S\u00e5 h\u00e4r g\u00e5r denna tj\u00e4nsten till: Skriv in m\u00e5tt p\u00e5 &hellip; <\/p>\n<p class=\"link-more\"><a href=\"https:\/\/glimton.se\/index.php\/inred_internet\/\" class=\"more-link\">Forts\u00e4tt l\u00e4sa<span class=\"screen-reader-text\"> &#8221;Inred_internet&#8221;<\/span><\/a><\/p>\n","protected":false},"author":1,"featured_media":0,"parent":0,"menu_order":0,"comment_status":"closed","ping_status":"closed","template":"elementor_canvas","meta":[],"_links":{"self":[{"href":"https:\/\/glimton.se\/index.php\/wp-json\/wp\/v2\/pages\/1318"}],"collection":[{"href":"https:\/\/glimton.se\/index.php\/wp-json\/wp\/v2\/pages"}],"about":[{"href":"https:\/\/glimton.se\/index.php\/wp-json\/wp\/v2\/types\/page"}],"author":[{"embeddable":true,"href":"https:\/\/glimton.se\/index.php\/wp-json\/wp\/v2\/users\/1"}],"replies":[{"embeddable":true,"href":"https:\/\/glimton.se\/index.php\/wp-json\/wp\/v2\/comments?post=1318"}],"version-history":[{"count":10,"href":"https:\/\/glimton.se\/index.php\/wp-json\/wp\/v2\/pages\/1318\/revisions"}],"predecessor-version":[{"id":1334,"href":"https:\/\/glimton.se\/index.php\/wp-json\/wp\/v2\/pages\/1318\/revisions\/1334"}],"wp:attachment":[{"href":"https:\/\/glimton.se\/index.php\/wp-json\/wp\/v2\/media?parent=1318"}],"curies":[{"name":"wp","href":"https:\/\/api.w.org\/{rel}","templated":true}]}}